me factors of u?
2, 17, 173
What are the prime factors of (-171044)/(-61) - (0/4 - -3)?
2801
Suppose -563*x = 558*x - 1105*x - 194224. List the prime factors of x.
61, 199
Suppose 0*y - 4*k - 11 = y, 0 = -y + k - 6. Let d be 1*-4 - (13 - y)*1. Let x(b) = b**3 + 24*b**2 - 3*b - 23. What are the prime factors of x(d)?
7
Let u = 15570 + 2122. List the prime factors of u.
2, 4423
Let v(q) = -8*q**2 - 31*q - 18. Let r be v(-8). Let z = 242 - r. List the prime factors of z.
2, 131
Let o(l) = 0*l - 7*l + 5 + l**2 - 3. Suppose 0 = 4*h + q - 3*q - 38, 3*h - 26 = 2*q. List the prime factors of o(h).
2, 31
What are the prime factors of ((2/(-6))/(14/294))/(22/(-106370))?
5, 7, 967
Suppose 0 = -v + 393 - 37. What are the prime factors of (v + -2)*1 + 3 - 0?
3, 7, 17
Let h(l) = -9*l**3 + 19*l**2 + 59*l - 34. What are the prime factors of h(-5)?
31, 41
Let s(i) be the third derivative of 0*i - 11/60*i**5 - 1/120*i**6 + 5/2*i**3 + 5/12*i**4 - i**2 + 0. What are the prime factors of s(-12)?
3, 13
Suppose -4*p + 3*f + 4280 = 0, -5*p = -3*p + 3*f - 2140. What are the prime factors of p?
2, 5, 107
Suppose -3*k = -f - f - 25, k + f = 15. Let t = k + -9. Suppose -400 + 24 = -4*o - 3*g, t*o - 5*g = 214. List the prime factors of o.
97
Let o be -8*((-7)/(-28))/(-1). Suppose h = 5*h - o*n - 1754, -5*h - 5*n = -2215. What are the prime factors of h?
2, 5, 11
Suppose -99*m - 1596005 = -5109020. List the prime factors of m.
5, 47, 151
Suppose 2*g + 4*d = -4, 0 = g + 2*g - 2*d - 18. Suppose 2*f - 23 = -3*f + 4*w, g*w = -f - 5. Suppose -f*r = -7*r + 160. What are the prime factors of r?
2, 5
Let s be (-8)/(-10) - 126/(-105). Suppose v = s*v, 3*r + 5*v = 12. List the prime factors of (r/6)/1*189.
2, 3, 7
Let n be (-45)/10*((-1 - 1) + 0). Suppose -n*y - 5*y + 1582 = 0. List the prime factors of y.
113
Let t(o) = -2*o**3 - o**2 - 32*o + 24. Let d be t(7). Let r = d + 1232. What are the prime factors of r?
3, 11
Let i = 34 + -48. Let r = -783 + 822. Let j = r + i. What are the prime factors of j?
5
Let q be (-824)/56 - (-4)/(-14). Let o(l) = -4*l - 35. Let g be o(q). What are the prime factors of 572/5 + (-5)/(g/2)?
2, 3, 19
Let u = 43 + -83. Let t be ((-104)/u)/((-1)/5). Let r = 42 - t. List the prime factors of r.
5, 11
Suppose 0 = d + 2*f - f + 8, 39 = -5*d - 4*f. Let h(u) = -51*u + 124. List the prime factors of h(d).
13, 37
Suppose -v - 11494 = -15*v. Let d = -571 + v. What are the prime factors of d?
2, 5
List the prime factors of 15541*2/(-3)*(-11 - 38/(-4)).
15541
List the prime factors of 556*((-490)/(-56) - 4).
19, 139
Suppose -2*a + 141 - 71571 = -2*f, 5*f + 3*a - 178615 = 0. List the prime factors of f.
2, 5, 19, 47
Let f(j) = -37*j - 715. List the prime factors of f(-20).
5
Suppose 0 = 3662*f - 3676*f + 112. List the prime factors of f.
2
Let p(c) = -c**2 - 5*c + 12. Let f be p(-6). Let y = f - 4. List the prime factors of 2/(((-16)/(-332))/y).
83
Let p = 71 - 77. Let u be -4*((-141)/(-4) + p/(-24)). Let n = 301 + u. What are the prime factors of n?
3, 53
Let f(b) = -9*b - b + 3 + 2*b - 9*b. Let c be f(1). What are the prime factors of c/(-49) + (-411)/(-7)?
59
Let h(t) = 5*t**2 - 31*t + 24. List the prime factors of h(42).
2, 3, 419
Let k = 17 + 47. Let q = k + 105. What are the prime factors of q?
13
Let z = 2874 - 1310. What are the prime factors of z?
2, 17, 23
Let z(x) = 45*x**2 - 36*x + 11. What are the prime factors of z(19)?
2, 17, 229
Let j(l) = 391*l + 99. Let o be j(17). Suppose 0 = -10*q - 1036 + o. List the prime factors of q.
571
Let y = -35 + 80. List the prime factors of 12504/y - 12/(-90).
2, 139
Suppose 71*s - 4*p = 69*s + 54864, -7*s + p + 192063 = 0. List the prime factors of s.
2, 3, 17, 269
Let p be (72/(-45))/(4/(-50)). Let q be (p/(-25))/((-1)/(-10)*-1). Let u(j) = 10*j - 7. What are the prime factors of u(q)?
73
Suppose -3*t = -4 - 11. Let i(g) = -g**3 + t*g**2 - 9 - 4*g + 4*g**2 + 16*g. List the prime factors of i(9).
3, 11
Let p(m) be the second derivative of m**3/6 - m**2/2 - 7*m. Let t be p(3). Suppose -8*d = -t*d - 186. What are the prime factors of d?
31
Suppose 2*x + 37365 - 8674 = b, 2*b = 2*x + 57380. What are the prime factors of b?
3, 73, 131
Suppose -157 = -11*a + 19. Suppose a*f = 539 + 11269. List the prime factors of f.
2, 3, 41
Suppose -20*d = 2*x - 17*d - 237, -2*d - 336 = -3*x. Suppose h + 6 = -h. Let l = x + h. List the prime factors of l.
3, 37
Suppose 0 = -2*u - 3*g + 9463, 3*u = 5*g + 13710 + 494. What are the prime factors of u?
4733
Suppose -2*a + 3*j = -a - 9797, -4*a = -3*j - 39197. List the prime factors of a.
2, 5, 7
Let j be (-1 - 25)*(-3)/(-6). Let g be (-1 + 0)/(1/j). Let d = -5 + g. What are the prime factors of d?
2
Let z = -8635 + 14401. Suppose -4*p + 5604 = -l, 0 = 3*p - 5*l + 1580 - z. List the prime factors of p.
2, 701
Let u(m) = 42*m**2 + 121*m + 256. List the prime factors of u(20).
2, 3, 541
Suppose 49 - 58 = 3*f. What are the prime factors of (-356)/3*(-1)/(f/(-9))?
2, 89
Suppose 18*d + 16*d + 0*d = 416228. List the prime factors of d.
2, 6121
Suppose 14 = m + 2*m + o, -4*m + 17 = 3*o. Suppose -9*j = -m*j - 1020. Suppose 3*v + 4*y - j - 196 = 0, 0 = 3*v + 3*y - 447. What are the prime factors of v?
5, 29
Let s be (615/(-164))/((-6)/40). Suppose 3977 = s*n - 5998. What are the prime factors of n?
3, 7, 19
What are the prime factors of 43176/(-10)*(-1550)/465?
2, 7, 257
Let j = -2069 - -18609. What are the prime factors of j?
2, 5, 827
Let f(k) be the second derivative of 1/2*k**2 - 18*k + 0 + 16/3*k**4 - 1/3*k**3. What are the prime factors of f(1)?
3, 7
Suppose -n - 4 + 14 = 0. Suppose -17*p + n*p + 1099 = 0. What are the prime factors of p?
157
Suppose 5*u - 18 = 2. Suppose g - 2 = 0, 3*f = 7*g - 6*g + u. List the prime factors of 0/(2/f*3) + 104.
2, 13
Let a(g) = -11*g - 165. Let k be a(-15). Suppose -z = -2*u + 411, k = -4*z + 3 + 1. List the prime factors of u.
2, 103
Let i(z) = 6*z - 5. Let x(d) = -d - 2. Let a be x(-4). Let h be i(a). Suppose n - h + 2 = 0. What are the prime factors of n?
5
Let a = 5389 + -4340. List the prime factors of a.
1049
Suppose 4*s - 10676 = 4*n, 32*s + 2659 = 33*s - 3*n. List the prime factors of s.
2, 7, 191
Suppose 5*q - 4*q + 49 = 5*k, 5*q - 3*k + 267 = 0. List the prime factors of (-1053)/q*(1 - (-115)/3).
13, 59
Suppose -3*h = -3*z + 1263, z - 1265 = -2*z + 4*h. Suppose -91 + z = 2*x. What are the prime factors of x?
2, 41
Let q be -5 - (-4)/((-4)/(-7)). Suppose -163 = 5*m - 6*m - 3*l, -5*m + q*l = -798. What are the prime factors of m?
2, 5
Suppose 67*z + 51*z = -4*z + 1250866. List the prime factors of z.
10253
Suppose 1955*o - 7100 = 1951*o. List the prime factors of o.
5, 71
Let b = -7449 + 13222. What are the prime factors of b?
23, 251
Suppose 0*g = -6*u + 5*g + 49134, u - 2*g = 8182. List the prime factors of u.
2, 17, 241
Suppose 31*l - 5138 = 17*l. Suppose -5*p - 2*v + l = 2*v, -4*p + 308 = -4*v. What are the prime factors of p?
3, 5
Let n(y) = -3051*y**3 + 4*y**2 + 6*y + 2. List the prime factors of n(-1).
3, 113
Let g = -8547 - -25385. List the prime factors of g.
2, 8419
Let k(t) = t**2 + 14*t - 2. Let h be k(-15). Let x = h - 1. Let c = 130 + x. List the prime factors of c.
2, 71
Let j(m) = 3*m - 7. Let o = 57 - 59. Let d be (-4)/(-14) + 40/7 + o. What are the prime factors of j(d)?
5
Let c = -1228 - -3280. List the prime factors of c.
2, 3, 19
Let n(c) = -32*c - 8. Let t be n(5). Let a = -666 - t. List the prime factors of (-3)/(-2) + -3 + a/(-4).
3, 41
Let b(q) = 3*q - 42. Let s be b(13). Let y be s + (-119)/(-35) - 514/10. List the prime factors of (y/15 + 3)/(3/(-1185)).
2, 79
Suppose 1467 = -5*h - o, 0 = 3*o + 2*o + 10. Let r be -3*((-7)/28 + 5205/36). Let w = h - r. What are the prime factors of w?
2, 5, 7
Let w(j) = -2106*j + 1948. List the prime factors of w(-3).
2, 4133
Let p be (-6)/(-21) + 60/35. Suppose -p*y = -r - 143, -2*y - 357 = -7*y + 3*r. What are the prime factors of y?
2, 3
Let r = -1109 + 1675. Let q = 1010 - r. List the prime factors of q.
2, 3, 37
Suppose -4*l - 9*q + 43779 = 0, -11*l + 2*q = -10*l - 10949. What are the prime factors of l?
3, 41, 89
Let a(g) = -17*g - 5. Let z(b) = -18*b - 4. Let f(c) = -6*a(c) + 7*z(c). Suppose -5*k - 3*v - 9 = 0, -4*k = 3*v - 0 + 6. What are the prime factors of f(k)?
2, 37
Suppose 